w - 22 = 12*p - 16*p. Calculate a(w).
-30
Let g(p) = -3*p + 14. Let j = -816 - -824. What is g(j)?
-10
Let m(f) = -67640 - 17*f**2 + 17*f + 67605 + 14*f + f**3. Give m(15).
-20
Let g(l) be the third derivative of l**6/120 - l**5/10 - l**3/3 - 3*l**2 - 37*l. What is g(5)?
-27
Let v(m) = 3*m**2 + 2*m - 8. Let q(t) = 2*t - 2. Let f(r) = 5*q(r) - v(r). Determine f(3).
-5
Suppose -11*q + 18 = -2*q. Let u(t) = 5*t + t**2 - 10 - q + 14. Give u(-4).
-2
Suppose 0 = 86*l - 82*l + 60. Let p = -14 - l. Let i(v) = -5*v. Calculate i(p).
-5
Let g(i) = 29*i + 930. Let r be g(-32). Let v(h) be the first derivative of 4*h + 1/2*h**2 + 1/4*h**4 + 0*h**3 + r. Determine v(0).
4
Let z be ((-10)/(-6))/((-280)/(-2352)). Let j(i) = -12*i + 54*i**2 - i**3 - 18*i**2 - z*i**2 - 10*i**2 + 14. Determine j(11).
3
Let p(v) = v**3 - 30*v**2 + 27*v + 75. Let q be p(29). Let l(t) = t**2 - 15*t - 30. Give l(q).
4
Let m(g) = 49*g - 880. Let b(l) = -17*l + 297. Let u(q) = -7*b(q) - 2*m(q). Determine u(15).
-4
Let q be (11 - -1)*22/44. Let y(p) = -4 - p**2 + 1 + p - q*p - 7*p. Let z be y(-12). Let u(a) = -a**3 - 3*a**2 - 1. Determine u(z).
-1
Let g(p) be the second derivative of -p**4/12 + 7*p**3/6 - 3*p**2/2 - p. Suppose 12*f = t + 13*f - 11, 3*t - 4*f = -23. Determine g(t).
9
Let j = -44 + 50. Let l(m) = -3*m**2 - m**2 + 10*m + m**2 + 10*m - 34. Let t(u) = 2*u**2 - 13*u + 23. Let o(p) = 5*l(p) + 7*t(p). What is o(j)?
9
Suppose -76*s + 16 = -74*s. Let g(v) = -v - 1. Let j(p) = 4*p - 8. Let z(o) = -5*g(o) - j(o). Let b(r) = r + 1. Let w(x) = -2*b(x) + z(x). What is w(s)?
3
Let h(m) = m**2 - 10*m + 8. Let w(y) = 6*y + 6. Let g be w(-1). Suppose 0 = -9*u - g*u - 54. Let j = u + 13. Determine h(j).
-13
Let h(c) = -2*c**3 - 11*c**2 - 5*c + 6. Let d(s) = -3152*s + 3143*s - 21*s**2 - 5 + 18 - 3*s**3. Let k(x) = 3*d(x) - 5*h(x). What is k(8)?
-7
Let g(y) be the first derivative of 9*y**2 - 1/6*y**4 + 0*y + 2 + 2/3*y**3 - 1/120*y**6 + 1/10*y**5. Let h(s) be the second derivative of g(s). Give h(6).
-20
Let b(d) = -233595 - 3*d - 3*d + d + d**3 + 0*d**3 + 11*d**2 + 233644. Calculate b(-12).
-35
Let y(c) = -c**3 + 5*c**2 - 4*c - 2. Let m be y(4). Let g(f) be the first derivative of 7/2*f**2 + 21 + 0*f. What is g(m)?
-14
Suppose 0 = 5*c + 19*l - 21*l + 48, 2*c + 36 = 5*l. Let y(m) = m**2 + 5*m - 20. Determine y(c).
4
Let h = -968 + 1584. Let k = 617 - h. Let o(s) = 4*s**2 + 3*s - 4. Determine o(k).
3
Let z(n) = 32 - 4*n - 14*n - 10 - 4 + 22. Calculate z(3).
-14
Suppose -3*n - 24 = -60. Suppose 0*r - 3*r + 20 = 5*j, -2*r = 3*j - n. Let k = 5 - j. Let b(x) = -12*x. Give b(k).
-12
Let b = -39 + 41. Let d(c) = -c**3 - 5*c**2 + 14*c**b - 2*c**2 - c**2 + 12*c + 4*c**2 - 9. Give d(11).
2
Let w(i) = i**2 + 3*i - 4. Let n(o) = 9*o + 126. Let t be n(-14). Let d be 15/(-10)*(2 - t). Determine w(d).
-4
Let p(t) = -15*t - 12*t - 2*t**2 + 3*t**3 - 2*t**2 + 6 + 27*t + t. What is p(2)?
16
Suppose -2*k = -3*k + 8. Let j(i) = -7*i - k*i - 13*i + 1. Give j(-1).
29
Suppose -5*v - 4 = 4*k - 85, -3*v + 47 = 2*k. Let p(u) = 4*u**3 + v*u - 2*u**3 - u**2 - 1 - 14*u. Give p(-1).
-3
Let z be (-6465)/2155 + 1*(-2 - 1*-11). Let i(f) = 3 + 6 + f**2 - 6*f + 0. Calculate i(z).
9
Let i(z) = z**3 + 15*z**2 - 21*z - 23. Let p be 82/(-5) - 36/450*-5. Determine i(p).
57
Let f(s) = 5*s**2 + 11*s + 48. Let w be f(-7). Let z = w + -216. Let u(n) = 0*n**2 + 0*n**3 - n**2 - n**3 - 1. Give u(z).
-1
Let b(i) = -i**3 - 61*i**2 - 63*i - 189. Let k be ((-18)/(-4))/(492/(-6560)). Calculate b(k).
-9
Let q(u) be the third derivative of 7*u**4/12 + 35*u**3/2 - 5*u**2 - 16*u - 4. Calculate q(-7).
7
Let z(v) = 25*v + 6. Let b = 270 - 279. Let u(n) = 11*n + 3. Let q(d) = b*u(d) + 4*z(d). Determine q(-8).
-11
Let u(m) = m**2 + 1. Let o(d) = -4*d**2 - d - 2. Let z(j) = -o(j) - u(j). Let a(q) = 17*q**2 - 2*q - 2. Let r(i) = -a(i) + 6*z(i). What is r(-6)?
-4
Let c(o) be the second derivative of -o**6/720 - 2*o**5/15 + 221*o**4/12 - 74*o. Let x(g) be the third derivative of c(g). Calculate x(-8).
-8
Let n(l) = -4*l**2 + 2*l - 2. Let c be n(1). Let o(x) = -x. Let r(f) = 4*f**3 + 2*f**2 + 6*f + 1. Let p(u) = c*o(u) - r(u). Give p(-2).
27
Let m(k) = 5*k + 1. Let v(x) = -10*x**2 - 258*x + 57. Let j be v(-26). Determine m(j).
26
Let q be (6/(-15))/(12 - (-496)/(-40)). Let o(w) = -6*w**2 + 5*w - 5. Calculate o(q).
-6
Let c(v) = v**3 + 7*v**2 + 5*v + 8. Let s = -536 - -539. Let l(k) = -k**2 - 7*k + 23. Let g be l(s). Give c(g).
-27
Let c(i) = -i**3 - 4*i**2 + 8*i + 4. Let d = -3022 + 3017. Calculate c(d).
-11
Suppose 0*s + 2*s = 0. Let q(n) = 7*n**2 + 114. Let b(j) = 6*j**2 + 95. Let h(o) = 6*b(o) - 5*q(o). Give h(s).
0
Let y(g) = 2*g**3 + 27*g**2 + g + 36. Let f(c) = c**3 + 13*c**2 + c + 19. Let d(b) = 5*f(b) - 2*y(b). Calculate d(-11).
-10
Let l(a) = 24 + 13*a + 6711*a**3 - 6710*a**3 - 10*a**2 - 6*a. Give l(9).
6
Let f(w) = 2*w**3 + 5*w**2 + 23*w - 98. Let h(v) = 3*v**3 + 3*v**2 + 24*v - 97. Let p(a) = -4*f(a) + 3*h(a). What is p(12)?
5
Let b = 0 - 13. Let m(t) = 3*t**2 - 30*t + 67. Let n(c) = -4*c**2 + 34*c - 87. Let q(y) = 5*m(y) + 4*n(y). Determine q(b).
0
Let y(k) be the second derivative of -k**4/12 + 2*k**3 - 9*k**2 + 445*k. Give y(8).
14
Suppose -6*w = -3 - 9. Let c(v) = 6*v + w*v + 19 - 7*v. What is c(-14)?
5
Let i = 217 - 54. Let n = i - 164. Let p(j) = 5*j + 1. Calculate p(n).
-4
Suppose 7*t - 245 = -245. Let d(l) = -5*l**2 + l - 4. Let n = 0 + 1. Let o(i) = -i**2. Let m(f) = n*d(f) - 6*o(f). Determine m(t).
-4
Let z = 12745 + -12737. Let w(y) = y**2 + 9*y - 136. Calculate w(z).
0
Let l(f) = 3*f**3 + 26*f**2 + 39*f - 6. Let v(z) = -7*z**3 - 54*z**2 - 77*z + 13. Let q(y) = -5*l(y) - 2*v(y). Determine q(-20).
24
Let z be (-480)/(-81) + (-15)/12 + (-5577)/(-4212). Let q(t) = 10*t - 50. Determine q(z).
10
Let y(v) = -20*v**2 - 3*v - 38. Let b(l) = 17*l**2 + l + 36. Let q(s) = -7*b(s) - 6*y(s). Determine q(-12).
-12
Let b(q) be the third derivative of -q**6/120 - q**5/10 + q**4/8 + 17*q**3/6 - 237*q**2. Give b(-6).
-1
Let v(b) = -2*b**2 - 11*b - 6. Let f be v(-5). Let h(u) = -3 + 4 + 0 - 2. Let r(x) = -x**3 - x**2 - 2*x + 2. Let l(j) = f*r(j) - 2*h(j). Calculate l(2).
16
Let p(q) = 2*q**3 - 2*q**2 + 2*q + 1. Let t = 4073 - 4072. What is p(t)?
3
Suppose 7*a - 6 = -11*v + 8*v, 15 = v - 2*a. Let y(w) = w**3 - 8*w**2 - 9*w + 3. What is y(v)?
3
Suppose -2*j = 2, 8*x - 37 = 6*x + j. Let g(s) = -x*s - 3*s + 15*s + s**2 - 5. What is g(8)?
11
Let w(i) = -16 - 5076*i + 5075*i + 16. Suppose -k - 14 = -5*f, 3*k = f - 0*k. Let v = f - 0. Determine w(v).
-3
Let z(d) = d**2 + 7*d - 12. Let n(b) = -b**3 - 13*b**2 + 10*b - 45. Let i be n(-14). Suppose -2*f - i = 7. Calculate z(f).
6
Let g(d) = -d**3 - 4*d**2 - 7. Let q(h) = h**2 + 2. Suppose -5*o - 13*k - 30 = -15*k, 3*o + 18 = 2*k. Let v(y) = o*q(y) - g(y). Calculate v(3).
4
Let s = -5 - 1. Let p(a) be the second derivative of 24*a - 1/2*a**3 - 9/2*a**2 - 1/2*a**4 + 0 - 1/20*a**5. Give p(s).
9
Let j(s) = s**2 + 2*s + 67. Suppose -5*f + 4*y - 94 = -62, 0 = -3*y + 24. Calculate j(f).
67
Let k(m) = 5*m - 5*m + 9*m - 10*m - 4. Let s be (-2 - 10)*2/4. Let u(w) = 3*w + 11. Let j(p) = s*u(p) - 17*k(p). Determine j(3).
-1
Let w(o) be the third derivative of -o**5/60 - 7*o**4/6 - 30*o**3 + 6363*o**2. Calculate w(-19).
-9
Let j = 6785 + -6791. Let q(c) = -3*c - 46. Give q(j).
-28
Let q(j) = -j**2 + 8*j - 8. Let u be 6/(-33) + (-276)/(-66). Suppose 3*s + 6 = 2*b, -b + 2*b - 14 = -u*s. Determine q(b).
4
Suppose -10 = -f - 4. Suppose -2*z = 6 + f. Let j(n) be the first derivative of n**2/2 + 13*n - 82. What is j(z)?
7
Let d(j) = -17*j - 32. Let a be d(-2). Let x(o) = 9*o**2 + 10*o - 10 - o**3 + 5 - 7*o - a*o. Give x(9).
4
Let w be -1 + (2 - 114) + (-18)/9. Let x = -108 - w. Let r(c) = 2*c**2 - 9*c - 5. Calculate r(x).
30
Suppose 64 = -97*f - 33. Let s(u) = 1 + 0 - 2. Let w(c) = -3*c**2 + 3*c + 9. Let r(i) = f*w(i) - 9*s(i). What is r(2)?
6
Let p(a) = 10167*a + 31. Let t(m) = 6100*m + 16. Let o(z) = -3*p(z) + 5*t(z). Let w = -8 - -2. Calculate o(w).
-7
Let s(g) be the first derivative of g**3/3 + 5*g**2/2 + 5*g - 909. Calculate s(5).
55
Let l(y) = -y**3 + 2*y**2 + 16*y - 20. Let z(u) = 118*u + 6731. Let k be z(-57). Determine l(k).
-15
Suppose 0 = -0*k + 2*k. Let p(r) = -1 - 2*r**2 + r**2 + 2*r**2 + k*r**2. Suppose -3*f - 5 